{"id":2637,"date":"2024-03-03T19:16:44","date_gmt":"2024-03-03T18:16:44","guid":{"rendered":"https:\/\/www.swiss-driving-school.ch\/?page_id=2637"},"modified":"2026-02-03T10:12:57","modified_gmt":"2026-02-03T09:12:57","slug":"czv-weiterbildung-zuerich-swiss-driving-school","status":"publish","type":"page","link":"https:\/\/www.swiss-driving-school.ch\/?page_id=2637","title":{"rendered":"CZV Weiterbildung in Z\u00fcrich"},"content":{"rendered":"\n<h2 class=\"wp-block-heading\" id=\"h-i-ndividuelle-czv-weiterbildungen-in-zurich\">I<strong>ndividuelle CZV-Weiterbildungen  <\/strong>in Z\u00fcrich<\/h2>\n\n\n\n<p><strong>Herzlich willkommen bei der Swiss Driving School deinem erfahrenen Partner f\u00fcr professionelle CZV- Weiterbildungen in der Schweiz<\/strong><\/p>\n\n\n\n<p>Ich biete\u00a0<strong>massgeschneiderte CZV-Weiterbildungen<\/strong>\u00a0an, die exakt auf deine Ziele, Erfahrungen und deinen beruflichen Alltag abgestimmt sind.<\/p>\n\n\n\n<p>Ich biete individuelle CZV- Kurs f\u00fcr LKW und Busfahrer, die exakt auf deinen beruflichen Alltag, dein Erfahrungsnieveou und deine pers\u00f6nlich Ziele abgestimmt sind.<\/p>\n\n\n\n<ul class=\"wp-block-list\">\n<li>Praxisnahe, flexibel und effizient<\/li>\n<\/ul>\n\n\n\n<h3 class=\"wp-block-heading\" id=\"h-individuelle-czv-weiterbildungen-so-flexibel-wie-dein-job\"><strong>Individuelle CZV- Weiterbildungen &#8211; so flexibel wie dein Job<\/strong><\/h3>\n\n\n\n<p>Plane deine Weiterbildung ganz unkompliziert:<\/p>\n\n\n\n<ul class=\"wp-block-list\">\n<li>Wunschdatum w\u00e4hlen<\/li>\n\n\n\n<li>Teilnehmerzahl bestimmen<\/li>\n\n\n\n<li>Pers\u00f6nliche Angebot erhalten<\/li>\n<\/ul>\n\n\n\n<p>Erstelle dir schnell und unverbindlich eine massgeschneiderte Offerte.<\/p>\n\n\n\n<p>M\u00f6chtest Du lieber in einer bestehenden Gruppe teilnehmen? Gerne organisiere ich dir einen Platz in einem bestehenden Kurs.<\/p>\n\n\n\n<p><strong>Modernes \u00dcbungsgel\u00e4nde f\u00fcr maximalen Lernerfolg<\/strong><\/p>\n\n\n\n<p>als zertifizierter CZV- Instruktor begleite ich dich Schritt f\u00fcr Schritt durch deine Weiterbildung.<\/p>\n\n\n\n<p>Die Schulungen finden auf modernsten \u00dcbungsgel\u00e4nde der Schweiz statt<\/p>\n\n\n\n<h3 class=\"wp-block-heading\" id=\"h-wahle-den-passenden-czv-kurs\"><strong>W\u00e4hle den passenden CZV -Kurs<\/strong><\/h3>\n\n\n\n<p><strong>LKW Weiterbildungen:<\/strong><\/p>\n\n\n\n<ul class=\"wp-block-list\">\n<li>LKW Basis<\/li>\n\n\n\n<li>LKW Basis 2<\/li>\n\n\n\n<li><strong>L<\/strong>KW Aufbau<\/li>\n<\/ul>\n\n\n\n<p><strong>Spezialkurse<\/strong>:<\/p>\n\n\n\n<ul class=\"wp-block-list\">\n<li>RTW-Kurs<\/li>\n\n\n\n<li>D1-Weiterbildung<\/li>\n\n\n\n<li>Firmenschulungen<\/li>\n\n\n\n<li>Spezialtrainings nach Bedarf<\/li>\n<\/ul>\n\n\n\n<p>Perfekt f\u00fcr Unternehmungen oder Fahrer mit besonderen Anforderungen.<\/p>\n\n\n\n<h3 class=\"wp-block-heading\" id=\"h-dein-vorteil-auf-eine-blick\"><strong>Dein Vorteil<\/strong> auf eine Blick<\/h3>\n\n\n\n<p id=\"h-dein-vorteil-auf-eine-blick-individuelle-kursplanung\">&#x2714; individuelle Kursplanung statt Standard &#8211; Programm<\/p>\n\n\n\n<p>&#x2714; moderne Lernmethoden mit hoher Praxisrelevanz<\/p>\n\n\n\n<p>&#x2714; Training in realistischen Verkehrssituationen<\/p>\n\n\n\n<p>&#x2714; Pers\u00f6nliche Betreuung durch erfahrene CZV- Instruktoren <\/p>\n\n\n\n<p>&#x2714; Effiziente Weiterbildung mit nachhaltigem Lernerfolg <\/p>\n\n\n\n<p><strong>Mein Ziel: Deine Weiterbildung soll nicht nur Pflicht sein &#8211; sondern dich wirklich weiterbringen.<\/strong><\/p>\n\n\n\n<h2 class=\"wp-block-heading\"><strong>Jetzt unverbindliches Angebot anfordern<\/strong><\/h2>\n\n\n\n<p>M\u00f6chtest Du eine CZV- Weiterbildung in Z\u00fcrich planen?<\/p>\n\n\n\n<p>Schreib mir oder ruf mich an \u2013 ich erstelle dir schnell ein pers\u00f6nliches Angebot.<\/p>\n\n\n\n<p>Starte jetzt deine Weiterbildung und investiere in deine berufliche Zukunft als Chauffeur<\/p>\n\n\n\n<p>Ich freue mich darauf, dich auf deinem&nbsp;<strong>Weiterbildungs- und Karriereweg<\/strong>&nbsp;zu begleiten!<\/p>\n\n\n\n<p><\/p>\n\n\n\n<p><\/p>\n\n\n\n<div class=\"wp-block-cover\"><img data-recalc-dims=\"1\" loading=\"lazy\" decoding=\"async\" width=\"1000\" height=\"1000\" class=\"wp-block-cover__image-background wp-image-2574\" alt=\"\" src=\"https:\/\/i0.wp.com\/www.swiss-driving-school.ch\/wp-content\/uploads\/2023\/12\/LKLKW-1.jpg?resize=1000%2C1000&#038;ssl=1\" data-object-fit=\"cover\" srcset=\"https:\/\/i0.wp.com\/www.swiss-driving-school.ch\/wp-content\/uploads\/2023\/12\/LKLKW-1.jpg?resize=1024%2C1024&amp;ssl=1 1024w, https:\/\/i0.wp.com\/www.swiss-driving-school.ch\/wp-content\/uploads\/2023\/12\/LKLKW-1.jpg?resize=300%2C300&amp;ssl=1 300w, https:\/\/i0.wp.com\/www.swiss-driving-school.ch\/wp-content\/uploads\/2023\/12\/LKLKW-1.jpg?resize=150%2C150&amp;ssl=1 150w, https:\/\/i0.wp.com\/www.swiss-driving-school.ch\/wp-content\/uploads\/2023\/12\/LKLKW-1.jpg?resize=1536%2C1536&amp;ssl=1 1536w, https:\/\/i0.wp.com\/www.swiss-driving-school.ch\/wp-content\/uploads\/2023\/12\/LKLKW-1.jpg?resize=2048%2C2048&amp;ssl=1 2048w, https:\/\/i0.wp.com\/www.swiss-driving-school.ch\/wp-content\/uploads\/2023\/12\/LKLKW-1.jpg?resize=100%2C100&amp;ssl=1 100w\" sizes=\"auto, (max-width: 1000px) 100vw, 1000px\" \/><span aria-hidden=\"true\" class=\"wp-block-cover__background has-background-dim\"><\/span><div class=\"wp-block-cover__inner-container is-layout-flow wp-block-cover-is-layout-flow\">\n<h5 class=\"wp-block-heading has-text-align-center has-white-color has-text-color has-link-color has-large-font-size wp-elements-8a546f6f9a85cd8e1efff1835b27298a\" id=\"h-verschiedene-ubungen-mit-unterschiedlichen-geschwindigkeiten-und-fahrbahnverhaltnissen-tragen-dazu-bei-sensibilitat-fur-die-situation-und-fur-ihr-fahrzeug-zu-entwickeln-und-den-eigenen-fahrstil-zu-verbessern-czv-anerkannter-kurs-fur-fahrer-von-fahrzeugen-der-kat-d1-fur-den-personentransport\">Verschiedene \u00dcbungen mit unterschiedlichen Geschwindigkeiten und Fahrbahnverh\u00e4ltnissen tragen dazu bei, Sensibilit\u00e4t f\u00fcr die Situation und f\u00fcr Ihr Fahrzeug zu entwickeln und den eigenen Fahrstil zu verbessern. CZV anerkannter Kurs f\u00fcr Fahrer von Fahrzeugen der Kat. D1 f\u00fcr den Personentransport.<\/h5>\n<\/div><\/div>\n\n\n\n<div class=\"wp-block-cover\"><img data-recalc-dims=\"1\" loading=\"lazy\" decoding=\"async\" width=\"1000\" height=\"1000\" class=\"wp-block-cover__image-background wp-image-2574\" alt=\"\" src=\"https:\/\/i0.wp.com\/www.swiss-driving-school.ch\/wp-content\/uploads\/2023\/12\/LKLKW-1.jpg?resize=1000%2C1000&#038;ssl=1\" data-object-fit=\"cover\" srcset=\"https:\/\/i0.wp.com\/www.swiss-driving-school.ch\/wp-content\/uploads\/2023\/12\/LKLKW-1.jpg?resize=1024%2C1024&amp;ssl=1 1024w, https:\/\/i0.wp.com\/www.swiss-driving-school.ch\/wp-content\/uploads\/2023\/12\/LKLKW-1.jpg?resize=300%2C300&amp;ssl=1 300w, https:\/\/i0.wp.com\/www.swiss-driving-school.ch\/wp-content\/uploads\/2023\/12\/LKLKW-1.jpg?resize=150%2C150&amp;ssl=1 150w, https:\/\/i0.wp.com\/www.swiss-driving-school.ch\/wp-content\/uploads\/2023\/12\/LKLKW-1.jpg?resize=1536%2C1536&amp;ssl=1 1536w, https:\/\/i0.wp.com\/www.swiss-driving-school.ch\/wp-content\/uploads\/2023\/12\/LKLKW-1.jpg?resize=2048%2C2048&amp;ssl=1 2048w, https:\/\/i0.wp.com\/www.swiss-driving-school.ch\/wp-content\/uploads\/2023\/12\/LKLKW-1.jpg?resize=100%2C100&amp;ssl=1 100w\" sizes=\"auto, (max-width: 1000px) 100vw, 1000px\" \/><span aria-hidden=\"true\" class=\"wp-block-cover__background has-background-dim\"><\/span><div class=\"wp-block-cover__inner-container is-layout-flow wp-block-cover-is-layout-flow\">\n<h5 class=\"wp-block-heading has-text-align-center has-white-color has-text-color has-link-color has-large-font-size wp-elements-075cb3e531174fe4e25a1adeeb55dc13\" id=\"h-sie-absolvieren-verschiedene-praktische-ubungen-die-fahrdynamischen-eigenheiten-von-lastwagen-und-bussen-erleben-sie-hautnah-und-erlernen-die-richtigen-massnahmen-fur-sicheres-fahren-im-alltag\">Sie absolvieren verschiedene praktische \u00dcbungen. Die fahrdynamischen Eigenheiten von Lastwagen und Bussen erleben Sie hautnah und erlernen die richtigen Massnahmen f\u00fcr sicheres Fahren im Alltag.<\/h5>\n<\/div><\/div>\n\n\n<div class=\"wp-block-jetpack-contact-form is-layout-flex wp-container-jetpack-contact-form-is-layout-026b38f8 wp-block-jetpack-contact-form-is-layout-flex\"><a href=\"https:\/\/www.swiss-driving-school.ch\/?page_id=2637\" target=\"_blank\" rel=\"noopener noreferrer\">Formular einreichen.<\/a><\/div>","protected":false},"excerpt":{"rendered":"<p>Individuelle CZV-Weiterbildungen in Z\u00fcrich Herzlich willkommen bei der Swiss Driving School deinem erfahrenen Partner f\u00fcr professionelle CZV- Weiterbildungen in der Schweiz Ich biete\u00a0massgeschneiderte CZV-Weiterbildungen\u00a0an, die exakt auf deine Ziele, Erfahrungen und deinen beruflichen Alltag abgestimmt sind. Ich biete individuelle CZV- Kurs f\u00fcr LKW und Busfahrer, die exakt auf deinen beruflichen Alltag, dein Erfahrungsnieveou und deine [&hellip;]<\/p>\n","protected":false},"author":1,"featured_media":0,"parent":0,"menu_order":0,"comment_status":"closed","ping_status":"closed","template":"","meta":{"ngg_post_thumbnail":0,"jetpack_post_was_ever_published":false,"footnotes":""},"class_list":["post-2637","page","type-page","status-publish","hentry"],"yoast_head":"<!-- This site is optimized with the Yoast SEO Premium plugin v27.3 (Yoast SEO v27.5) - https:\/\/yoast.com\/product\/yoast-seo-premium-wordpress\/ -->\n<title>CZV - Weiterbildung Z\u00fcrich<\/title>\n<meta name=\"description\" content=\"Praxisnahe CZV Weiterbildung f\u00fcr LKW- und Busfahrer in Z\u00fcrich, flexible Termine , moderne Schulung und pers\u00f6nliche Betreuung\" \/>\n<meta name=\"robots\" content=\"index, follow, max-snippet:-1, max-image-preview:large, max-video-preview:-1\" \/>\n<link rel=\"canonical\" href=\"https:\/\/www.swiss-driving-school.ch\/?page_id=2637\" \/>\n<meta property=\"og:locale\" content=\"de_DE\" \/>\n<meta property=\"og:type\" content=\"article\" \/>\n<meta property=\"og:title\" content=\"CZV Weiterbildung Z\u00fcrich\" \/>\n<meta property=\"og:description\" content=\"CZV Weiterbildung f\u00fcr Chauffeure Z\u00fcrich , Praxisnahe Kurse in Z\u00fcrich ,flexibel planbar und individuell auf deinen Berufsalltag abgestimmt. Moderne Lernmethoden, erfahrene Instruktoren und pers\u00f6nliche Betreuung.\" \/>\n<meta property=\"og:url\" content=\"https:\/\/www.swiss-driving-school.ch\/?page_id=2637\" \/>\n<meta property=\"og:site_name\" content=\"Swiss Driving School\" \/>\n<meta property=\"article:modified_time\" content=\"2026-02-03T09:12:57+00:00\" \/>\n<meta property=\"og:image\" content=\"https:\/\/www.swiss-driving-school.ch\/wp-content\/uploads\/2023\/12\/LKLKW-1-1024x1024.jpg\" \/>\n<meta name=\"twitter:card\" content=\"summary_large_image\" \/>\n<meta name=\"twitter:title\" content=\"CZV Weiterbildung in Z\u00fcrich\" \/>\n<meta name=\"twitter:label1\" content=\"Gesch\u00e4tzte Lesezeit\" \/>\n\t<meta name=\"twitter:data1\" content=\"3\u00a0Minuten\" \/>\n<script type=\"application\/ld+json\" class=\"yoast-schema-graph\">{\"@context\":\"https:\\\/\\\/schema.org\",\"@graph\":[{\"@type\":\"WebPage\",\"@id\":\"https:\\\/\\\/www.swiss-driving-school.ch\\\/?page_id=2637\",\"url\":\"https:\\\/\\\/www.swiss-driving-school.ch\\\/?page_id=2637\",\"name\":\"CZV - Weiterbildung Z\u00fcrich\",\"isPartOf\":{\"@id\":\"https:\\\/\\\/www.swiss-driving-school.ch\\\/#website\"},\"primaryImageOfPage\":{\"@id\":\"https:\\\/\\\/www.swiss-driving-school.ch\\\/?page_id=2637#primaryimage\"},\"image\":{\"@id\":\"https:\\\/\\\/www.swiss-driving-school.ch\\\/?page_id=2637#primaryimage\"},\"thumbnailUrl\":\"https:\\\/\\\/www.swiss-driving-school.ch\\\/wp-content\\\/uploads\\\/2023\\\/12\\\/LKLKW-1-1024x1024.jpg\",\"datePublished\":\"2024-03-03T18:16:44+00:00\",\"dateModified\":\"2026-02-03T09:12:57+00:00\",\"description\":\"Praxisnahe CZV Weiterbildung f\u00fcr LKW- und Busfahrer in Z\u00fcrich, flexible Termine , moderne Schulung und pers\u00f6nliche Betreuung\",\"breadcrumb\":{\"@id\":\"https:\\\/\\\/www.swiss-driving-school.ch\\\/?page_id=2637#breadcrumb\"},\"inLanguage\":\"de\",\"potentialAction\":[{\"@type\":\"ReadAction\",\"target\":[\"https:\\\/\\\/www.swiss-driving-school.ch\\\/?page_id=2637\"]}]},{\"@type\":\"ImageObject\",\"inLanguage\":\"de\",\"@id\":\"https:\\\/\\\/www.swiss-driving-school.ch\\\/?page_id=2637#primaryimage\",\"url\":\"https:\\\/\\\/i0.wp.com\\\/www.swiss-driving-school.ch\\\/wp-content\\\/uploads\\\/2023\\\/12\\\/LKLKW-1.jpg?fit=424%2C301&ssl=1\",\"contentUrl\":\"https:\\\/\\\/i0.wp.com\\\/www.swiss-driving-school.ch\\\/wp-content\\\/uploads\\\/2023\\\/12\\\/LKLKW-1.jpg?fit=424%2C301&ssl=1\",\"width\":424,\"height\":301},{\"@type\":\"BreadcrumbList\",\"@id\":\"https:\\\/\\\/www.swiss-driving-school.ch\\\/?page_id=2637#breadcrumb\",\"itemListElement\":[{\"@type\":\"ListItem\",\"position\":1,\"name\":\"Startseite\",\"item\":\"https:\\\/\\\/www.swiss-driving-school.ch\\\/\"},{\"@type\":\"ListItem\",\"position\":2,\"name\":\"CZV Weiterbildung in Z\u00fcrich\"}]},{\"@type\":\"WebSite\",\"@id\":\"https:\\\/\\\/www.swiss-driving-school.ch\\\/#website\",\"url\":\"https:\\\/\\\/www.swiss-driving-school.ch\\\/\",\"name\":\"Swiss Driving School\",\"description\":\"Fahrschule\",\"publisher\":{\"@id\":\"https:\\\/\\\/www.swiss-driving-school.ch\\\/#organization\"},\"potentialAction\":[{\"@type\":\"SearchAction\",\"target\":{\"@type\":\"EntryPoint\",\"urlTemplate\":\"https:\\\/\\\/www.swiss-driving-school.ch\\\/?s={search_term_string}\"},\"query-input\":{\"@type\":\"PropertyValueSpecification\",\"valueRequired\":true,\"valueName\":\"search_term_string\"}}],\"inLanguage\":\"de\"},{\"@type\":\"Organization\",\"@id\":\"https:\\\/\\\/www.swiss-driving-school.ch\\\/#organization\",\"name\":\"Swiss Driving School\",\"url\":\"https:\\\/\\\/www.swiss-driving-school.ch\\\/\",\"logo\":{\"@type\":\"ImageObject\",\"inLanguage\":\"de\",\"@id\":\"https:\\\/\\\/www.swiss-driving-school.ch\\\/#\\\/schema\\\/logo\\\/image\\\/\",\"url\":\"https:\\\/\\\/i0.wp.com\\\/www.swiss-driving-school.ch\\\/wp-content\\\/uploads\\\/2015\\\/06\\\/HomeLogo.jpg?fit=300%2C200&ssl=1\",\"contentUrl\":\"https:\\\/\\\/i0.wp.com\\\/www.swiss-driving-school.ch\\\/wp-content\\\/uploads\\\/2015\\\/06\\\/HomeLogo.jpg?fit=300%2C200&ssl=1\",\"width\":300,\"height\":200,\"caption\":\"Swiss Driving School\"},\"image\":{\"@id\":\"https:\\\/\\\/www.swiss-driving-school.ch\\\/#\\\/schema\\\/logo\\\/image\\\/\"}}]}<\/script>\n<!-- \/ Yoast SEO Premium plugin. -->","yoast_head_json":{"title":"CZV - Weiterbildung Z\u00fcrich","description":"Praxisnahe CZV Weiterbildung f\u00fcr LKW- und Busfahrer in Z\u00fcrich, flexible Termine , moderne Schulung und pers\u00f6nliche Betreuung","robots":{"index":"index","follow":"follow","max-snippet":"max-snippet:-1","max-image-preview":"max-image-preview:large","max-video-preview":"max-video-preview:-1"},"canonical":"https:\/\/www.swiss-driving-school.ch\/?page_id=2637","og_locale":"de_DE","og_type":"article","og_title":"CZV Weiterbildung Z\u00fcrich","og_description":"CZV Weiterbildung f\u00fcr Chauffeure Z\u00fcrich , Praxisnahe Kurse in Z\u00fcrich ,flexibel planbar und individuell auf deinen Berufsalltag abgestimmt. Moderne Lernmethoden, erfahrene Instruktoren und pers\u00f6nliche Betreuung.","og_url":"https:\/\/www.swiss-driving-school.ch\/?page_id=2637","og_site_name":"Swiss Driving School","article_modified_time":"2026-02-03T09:12:57+00:00","og_image":[{"url":"https:\/\/www.swiss-driving-school.ch\/wp-content\/uploads\/2023\/12\/LKLKW-1-1024x1024.jpg","type":"","width":"","height":""}],"twitter_card":"summary_large_image","twitter_title":"CZV Weiterbildung in Z\u00fcrich","twitter_misc":{"Gesch\u00e4tzte Lesezeit":"3\u00a0Minuten"},"schema":{"@context":"https:\/\/schema.org","@graph":[{"@type":"WebPage","@id":"https:\/\/www.swiss-driving-school.ch\/?page_id=2637","url":"https:\/\/www.swiss-driving-school.ch\/?page_id=2637","name":"CZV - Weiterbildung Z\u00fcrich","isPartOf":{"@id":"https:\/\/www.swiss-driving-school.ch\/#website"},"primaryImageOfPage":{"@id":"https:\/\/www.swiss-driving-school.ch\/?page_id=2637#primaryimage"},"image":{"@id":"https:\/\/www.swiss-driving-school.ch\/?page_id=2637#primaryimage"},"thumbnailUrl":"https:\/\/www.swiss-driving-school.ch\/wp-content\/uploads\/2023\/12\/LKLKW-1-1024x1024.jpg","datePublished":"2024-03-03T18:16:44+00:00","dateModified":"2026-02-03T09:12:57+00:00","description":"Praxisnahe CZV Weiterbildung f\u00fcr LKW- und Busfahrer in Z\u00fcrich, flexible Termine , moderne Schulung und pers\u00f6nliche Betreuung","breadcrumb":{"@id":"https:\/\/www.swiss-driving-school.ch\/?page_id=2637#breadcrumb"},"inLanguage":"de","potentialAction":[{"@type":"ReadAction","target":["https:\/\/www.swiss-driving-school.ch\/?page_id=2637"]}]},{"@type":"ImageObject","inLanguage":"de","@id":"https:\/\/www.swiss-driving-school.ch\/?page_id=2637#primaryimage","url":"https:\/\/i0.wp.com\/www.swiss-driving-school.ch\/wp-content\/uploads\/2023\/12\/LKLKW-1.jpg?fit=424%2C301&ssl=1","contentUrl":"https:\/\/i0.wp.com\/www.swiss-driving-school.ch\/wp-content\/uploads\/2023\/12\/LKLKW-1.jpg?fit=424%2C301&ssl=1","width":424,"height":301},{"@type":"BreadcrumbList","@id":"https:\/\/www.swiss-driving-school.ch\/?page_id=2637#breadcrumb","itemListElement":[{"@type":"ListItem","position":1,"name":"Startseite","item":"https:\/\/www.swiss-driving-school.ch\/"},{"@type":"ListItem","position":2,"name":"CZV Weiterbildung in Z\u00fcrich"}]},{"@type":"WebSite","@id":"https:\/\/www.swiss-driving-school.ch\/#website","url":"https:\/\/www.swiss-driving-school.ch\/","name":"Swiss Driving School","description":"Fahrschule","publisher":{"@id":"https:\/\/www.swiss-driving-school.ch\/#organization"},"potentialAction":[{"@type":"SearchAction","target":{"@type":"EntryPoint","urlTemplate":"https:\/\/www.swiss-driving-school.ch\/?s={search_term_string}"},"query-input":{"@type":"PropertyValueSpecification","valueRequired":true,"valueName":"search_term_string"}}],"inLanguage":"de"},{"@type":"Organization","@id":"https:\/\/www.swiss-driving-school.ch\/#organization","name":"Swiss Driving School","url":"https:\/\/www.swiss-driving-school.ch\/","logo":{"@type":"ImageObject","inLanguage":"de","@id":"https:\/\/www.swiss-driving-school.ch\/#\/schema\/logo\/image\/","url":"https:\/\/i0.wp.com\/www.swiss-driving-school.ch\/wp-content\/uploads\/2015\/06\/HomeLogo.jpg?fit=300%2C200&ssl=1","contentUrl":"https:\/\/i0.wp.com\/www.swiss-driving-school.ch\/wp-content\/uploads\/2015\/06\/HomeLogo.jpg?fit=300%2C200&ssl=1","width":300,"height":200,"caption":"Swiss Driving School"},"image":{"@id":"https:\/\/www.swiss-driving-school.ch\/#\/schema\/logo\/image\/"}}]}},"jetpack_sharing_enabled":true,"jetpack_shortlink":"https:\/\/wp.me\/P7nbKh-Gx","_links":{"self":[{"href":"https:\/\/www.swiss-driving-school.ch\/index.php?rest_route=\/wp\/v2\/pages\/2637","targetHints":{"allow":["GET"]}}],"collection":[{"href":"https:\/\/www.swiss-driving-school.ch\/index.php?rest_route=\/wp\/v2\/pages"}],"about":[{"href":"https:\/\/www.swiss-driving-school.ch\/index.php?rest_route=\/wp\/v2\/types\/page"}],"author":[{"embeddable":true,"href":"https:\/\/www.swiss-driving-school.ch\/index.php?rest_route=\/wp\/v2\/users\/1"}],"replies":[{"embeddable":true,"href":"https:\/\/www.swiss-driving-school.ch\/index.php?rest_route=%2Fwp%2Fv2%2Fcomments&post=2637"}],"version-history":[{"count":11,"href":"https:\/\/www.swiss-driving-school.ch\/index.php?rest_route=\/wp\/v2\/pages\/2637\/revisions"}],"predecessor-version":[{"id":4003,"href":"https:\/\/www.swiss-driving-school.ch\/index.php?rest_route=\/wp\/v2\/pages\/2637\/revisions\/4003"}],"wp:attachment":[{"href":"https:\/\/www.swiss-driving-school.ch\/index.php?rest_route=%2Fwp%2Fv2%2Fmedia&parent=2637"}],"curies":[{"name":"wp","href":"https:\/\/api.w.org\/{rel}","templated":true}]}}