{"id":1039,"date":"2015-11-13T20:58:25","date_gmt":"2015-11-13T19:58:25","guid":{"rendered":"http:\/\/www.swiss-driving-school.ch\/?page_id=1039"},"modified":"2025-12-30T21:29:27","modified_gmt":"2025-12-30T20:29:27","slug":"web-kurse","status":"publish","type":"page","link":"https:\/\/www.swiss-driving-school.ch\/?page_id=1039","title":{"rendered":"WAB Kurse"},"content":{"rendered":"<p class=\"p1\">&nbsp;<\/p>\n<h3><b>WAB Weiterbildung \u2013 Anmeldung \u00fcber die ASSR<\/b><\/h3>\n<p class=\"p3\">Wir bieten selbst keine eigenen WAB-Kurse an, arbeiten jedoch eng mit der <span class=\"s2\"><b>ASSR Antischleuderschule<\/b><\/span> zusammen. So kannst du sicher sein, dass deine Weiterbildungstage professionell und praxisnah durchgef\u00fchrt werden.<\/p>\n<p class=\"p4\"><b>So meldest du dich an:<\/b><b><\/b><\/p>\n<p class=\"p3\">Besuche einfach die <span class=\"s2\"><b>Webseite der ASSR<\/b><\/span>, um deine WAB-Kurse bequem online zu buchen. Klicke daf\u00fcr auf das Foto unten \u2013 du wirst direkt zur Anmeldeseite weitergeleitet.<\/p>\n<p class=\"p4\"><b>Warum \u00fcber die ASSR anmelden?<\/b><b><\/b><\/p>\n<ul>\n<li>\n<p class=\"p1\">Professionelle Schulungen von erfahrenen Fahrlehrern<\/p>\n<\/li>\n<li>\n<p class=\"p1\">Alle Kurse nach den aktuellen gesetzlichen Vorgaben<\/p>\n<\/li>\n<li>\n<p class=\"p1\">Einfaches Online-Anmeldesystem<\/p>\n<\/li>\n<\/ul>\n<p>&nbsp;<\/p>\n<p class=\"p3\">Sichere dir jetzt deinen Platz f\u00fcr die Weiterbildung und erf\u00fclle deine WAB-Pflicht stressfrei!<\/p>\n<p><a href=\"https:\/\/www.assr.ch\/wab4u-oblig\/\" target=\"_blank\" rel=\"noopener noreferrer\"><img data-recalc-dims=\"1\" loading=\"lazy\" decoding=\"async\" class=\"alignnone wp-image-1444 size-full\" src=\"https:\/\/i0.wp.com\/www.swiss-driving-school.ch\/wp-content\/uploads\/2015\/11\/slide-01.jpg?resize=1000%2C470\" alt=\"\" width=\"1000\" height=\"470\"><\/a><\/p>\n<h6>&nbsp;<\/h6>\n<div class=\"spacer-bottom-50\">&nbsp;<\/div>\n<div class=\"spacer-bottom-30\">\n<p class=\"p1\">&nbsp;<\/p>\n<h1><b>WAB Tageskurs \u2013 Weiterbildung f\u00fcr Neulenker bei der ASSR Antischleuderschule<\/b><\/h1>\n<p class=\"p3\"><b>Erleben. Lernen. Sicher fahren.<\/b><b><\/b><\/p>\n<p class=\"p4\">Zum Angebot der <span class=\"s2\"><b>ASSR Antischleuderschule<\/b><\/span> geh\u00f6rt die obligatorische <span class=\"s2\"><b>Weiterbildung f\u00fcr Neulenker (WAB)<\/b><\/span>, die innerhalb der dreij\u00e4hrigen Probezeit im <span class=\"s2\"><b>ersten Jahr<\/b><\/span> absolviert werden muss. Unser <span class=\"s2\"><b>WAB Tageskurs<\/b><\/span> vermittelt praxisnahes Wissen, um deine Sicherheit im Stra\u00dfenverkehr nachhaltig zu erh\u00f6hen.<\/p>\n<h2><b>WAB4u \u2013 Theorie und Praxis f\u00fcr mehr Verkehrssicherheit<\/b><\/h2>\n<p class=\"p4\">Am Kurstag werden anhand von <span class=\"s2\"><b>realistischen Beispielen verschiedene Unfallursachen und deren Folgen<\/b><\/span>besprochen. Auf unserer <span class=\"s2\"><b>modern ausgestatteten Anlage<\/b><\/span> erkennst und erlebst du, warum es besser ist, heikle Situationen zu vermeiden, anstatt sie zu bew\u00e4ltigen.<\/p>\n<p class=\"p3\"><span class=\"s3\">Dar\u00fcber hinaus vertiefen die Kursteilnehmer ihr Wissen \u00fcber <\/span><b>eigene Fahrf\u00e4higkeiten<\/b><span class=\"s3\"> und ihren <\/span><b>Verkehrssinn<\/b><span class=\"s3\">. Themen wie <\/span><b>umweltschonendes Fahren<\/b><span class=\"s3\">, <\/span><b>cleveres Verhalten im Stra\u00dfenverkehr<\/b><span class=\"s3\"> und <\/span><b>partnerschaftliches Fahren<\/b><span class=\"s3\">stehen ebenfalls im Fokus.<\/span><\/p>\n<p class=\"p4\">Keine Sorge \u2013 die <span class=\"s2\"><b>Kursprofis der ASSR<\/b><\/span> machen die Theorie spannend, praxisnah und leicht verst\u00e4ndlich.<\/p>\n<h2><b>Kursdetails<\/b><\/h2>\n<ul>\n<li>\n<p class=\"p1\"><span class=\"s1\"><b>Eigenes Fahrzeug:<\/b><\/span> Jeder Teilnehmer absolviert den Kurs mit dem eigenen Fahrzeug (Automat oder geschaltet)<\/p>\n<\/li>\n<li>\n<p class=\"p1\"><span class=\"s1\"><b>Sprache:<\/b><\/span> Deutsch , Englisch oder Italienisch<\/p>\n<\/li>\n<\/ul>\n<h3><b>Theorieinhalte<\/b><\/h3>\n<ul>\n<li>\n<p class=\"p1\">Sicherheit im Fahrzeug<\/p>\n<\/li>\n<li>\n<p class=\"p1\">Restgeschwindigkeit<\/p>\n<\/li>\n<li>\n<p class=\"p1\">Kaskadensystem<\/p>\n<\/li>\n<li>\n<p class=\"p1\">Erfahrungsaustausch<\/p>\n<\/li>\n<li>\n<p class=\"p1\">Regressrecht<\/p>\n<\/li>\n<li>\n<p class=\"p1\">Clever Fahren<\/p>\n<\/li>\n<li>\n<p class=\"p1\">Energie sparen<\/p>\n<\/li>\n<\/ul>\n<h3><b>Praktische \u00dcbungen<\/b><\/h3>\n<ul>\n<li>\n<p class=\"p1\">Richtiger Abstand<\/p>\n<\/li>\n<li>\n<p class=\"p1\">Notbremsung<\/p>\n<\/li>\n<li>\n<p class=\"p1\">Sicheres Kurvenfahren<\/p>\n<\/li>\n<li>\n<p class=\"p1\">Blicktechnik<\/p>\n<\/li>\n<li>\n<p class=\"p1\">Sensomotorik<\/p>\n<\/li>\n<li>\n<p class=\"p1\">Reaktionszeit<\/p>\n<\/li>\n<li>\n<p class=\"p1\">Geschwindigkeit planen<\/p>\n<\/li>\n<\/ul>\n<h2><b>Lernziele des WAB Kurses<\/b><\/h2>\n<ul>\n<li>\n<p class=\"p1\">Fahrphysikalische Zusammenh\u00e4nge beim Bremsen erkennen und akzeptieren<\/p>\n<\/li>\n<li>\n<p class=\"p1\">Gefahren von falschem Bremsen erleben<\/p>\n<\/li>\n<li>\n<p class=\"p1\">Richtige Fahrzeugbedienung bei Bremsungen mit\/ohne ABS und moderner Fahrzeugelektronik<\/p>\n<\/li>\n<li>\n<p class=\"p1\">Bewusstsein f\u00fcr sicheres Abstandsverhalten entwickeln<\/p>\n<\/li>\n<li>\n<p class=\"p1\">Strategien zur Einhaltung des Mindestabstandes erlernen<\/p>\n<\/li>\n<li>\n<p class=\"p1\">Partnerschaftliches Verhalten zur Erh\u00f6hung der Verkehrssicherheit anwenden<\/p>\n<\/li>\n<li>\n<p class=\"p1\">Richtige Geschwindigkeit f\u00fcr sichere Kurvenfahrten erkennen, auch bei schwierigen Bedingungen<\/p>\n<\/li>\n<li>\n<p class=\"p1\">Wirtschaftliche und umweltbewusste Fahrtechnik \u00fcben<\/p>\n<\/li>\n<\/ul>\n<h3><b>Zusatzinformationen<\/b><\/h3>\n<ul>\n<li>\n<p class=\"p1\"><span class=\"s1\"><b>Mittagessen:<\/b><\/span> Inbegriffen<\/p>\n<\/li>\n<li>\n<p class=\"p1\"><span class=\"s1\"><b>Dolmetscher:<\/b><\/span> Bei ungen\u00fcgenden Deutschkenntnissen muss der Kursteilnehmer selbst einen Dolmetscher organisieren und dies bei der Anmeldung angeben. Kosten: CHF 50.00<\/p>\n<\/li>\n<li>\n<p class=\"p1\"><span class=\"s1\"><b>Rabatt:<\/b><\/span> Mit Fahrlehrercode <span class=\"s2\">ASREG-FL-VERG-W257<\/span> erh\u00e4ltst du CHF 30.00 Rabatt<\/p>\n<\/li>\n<\/ul>\n<h2><b>Jetzt WAB Tageskurs buchen<\/b><\/h2>\n<p class=\"p4\">Starte noch heute und erh\u00f6he deine <span class=\"s2\"><b>Sicherheit im Stra\u00dfenverkehr<\/b><\/span>, verbessere dein <span class=\"s2\"><b>Fahrk\u00f6nnen<\/b><\/span> und profitiere von einem <span class=\"s2\"><b>praxisnahen Training mit Profis<\/b><\/span>.<\/p>\n<p class=\"p3\"><b>ASSR Antischleuderschule \u2013 Dein Partner f\u00fcr sicheres Fahren.<\/b><b><\/b><\/p>\n<h4><strong><u>CHF 60.\u2013 Rabatt f\u00fcr ACS Mitglieder<\/u><\/strong><\/h4>\n<h4>Als Mitglied des ACS sparst du CHF 60.\u2013 auf den WAB-Kurs bei der Antischleuderschule ASSR in Regensdorf.<\/h4>\n<h4>&nbsp;<\/h4>\n<h4><strong>Informationen<\/strong><\/h4>\n<h4><a href=\"https:\/\/www.acs.ch\/de\/sektionen\/zuerich\/WAB-Kurs.php\" target=\"_blank\" rel=\"noopener noreferrer\"><strong>https:\/\/www.acs.ch\/de\/sektionen\/zuerich\/WAB-Kurs.php<\/strong><\/a><\/h4>\n<ol>\n<li>\n<h4>Trage die Gutschein-Code ins Anmeldeformular ein. Die CHF 60.- werden direkt abgezogen<\/h4>\n<\/li>\n<li>\n<h4>Zeige zu Kursbeginn dem Kursleiter deine ACS Mitgliederkarte<\/h4>\n<\/li>\n<\/ol>\n<h4><strong>Bedingungen<\/strong><\/h4>\n<ul>\n<li>\n<h4>Nicht mit anderen Rabatten kumulierbar<\/h4>\n<\/li>\n<li>\n<h4>Keine Barauszahlung<\/h4>\n<\/li>\n<li>\n<h4>\u00c4nderungen vorbehalten<\/h4>\n<\/li>\n<\/ul>\n<\/div>\n<div class=\"cacoon-sidebar-content\">\n<h3 class=\"mb-5\">WAB4u Kurs<\/h3>\n<div class=\"info-box-elem mb-5\">\n<h4 class=\"mb-3\">Dauer<\/h4>\n<p>1 Tag<\/p>\n<\/div>\n<div class=\"info-box-elem mb-5\">\n<h4 class=\"mb-3\">Kurssprache<\/h4>\n<p>Deutsch \/ English&nbsp;<\/p>\n<\/div>\n<div class=\"info-box-elem mb-5\">\n<h4 class=\"mb-3\">Vorraussetzungen<\/h4>\n<p>eigenes Fahrzeug<\/p>\n<\/div>\n<div class=\"info-box-elem mb-5\">\n<h4 class=\"mb-3\">Mietwagen, Automat<\/h4>\n<p>CHF 50.00<\/p>\n<\/div>\n<div class=\"info-box-elem mb-5\">\n<h4 class=\"mb-3\">Dolmetscher, selbst organisiert<\/h4>\n<p>CHF 50.00<\/p>\n<\/div>\n<div class=\"info-box-elem\">\n<h4 class=\"mb-3\">Kosten &nbsp;ab CHF 370.00<\/h4>\n<p class=\"small\">(inkl. Mittagessen und Vollkaskoversicherung)<\/p>\n<\/div>\n<ul>\n<li class=\"bold\"><a class=\"animated-underline\" href=\"https:\/\/www.assr.ch\/kursorte-1\/assr-regensdorf\">Driving Center ASSR Regensdorf<\/a><\/li>\n<\/ul>\n<\/div>\n<p>Den Kurs in Deutsch : &nbsp;<\/p>\n<p><a href=\"https:\/\/www.assr.ch\/kurse?cuid=102&amp;cHash=4301d17c83a5081f60815303ec9fed48\">https:\/\/www.assr.ch\/kurse?cuid=102&amp;cHash=4301d17c83a5081f60815303ec9fed48<\/a><\/p>\n<p>Den Kurs In English :<\/p>\n<p><a href=\"https:\/\/www.assr.ch\/kurse?cuid=103&amp;cHash=e45ce608854e3028f82a87b7d7249b3d\">https:\/\/www.assr.ch\/kurse?cuid=103&amp;cHash=e45ce608854e3028f82a87b7d7249b3d<\/a><\/p>\n","protected":false},"excerpt":{"rendered":"<p>&nbsp; WAB Weiterbildung \u2013 Anmeldung \u00fcber die ASSR Wir bieten selbst keine eigenen WAB-Kurse an, arbeiten jedoch eng mit der ASSR Antischleuderschule zusammen. So kannst du sicher sein, dass deine Weiterbildungstage professionell und praxisnah durchgef\u00fchrt werden. So meldest du dich an: Besuche einfach die Webseite der ASSR, um deine WAB-Kurse bequem online zu buchen. Klicke [&hellip;]<\/p>\n","protected":false},"author":1,"featured_media":0,"parent":0,"menu_order":0,"comment_status":"closed","ping_status":"closed","template":"","meta":{"ngg_post_thumbnail":0,"jetpack_post_was_ever_published":false,"footnotes":""},"class_list":["post-1039","page","type-page","status-publish","hentry"],"yoast_head":"<!-- This site is optimized with the Yoast SEO Premium plugin v27.5 (Yoast SEO v27.5) - https:\/\/yoast.com\/product\/yoast-seo-premium-wordpress\/ -->\n<title>WAB Kurse - Swiss Driving School<\/title>\n<meta name=\"robots\" content=\"index, follow, max-snippet:-1, max-image-preview:large, max-video-preview:-1\" \/>\n<link rel=\"canonical\" href=\"https:\/\/www.swiss-driving-school.ch\/?page_id=1039\" \/>\n<meta property=\"og:locale\" content=\"de_DE\" \/>\n<meta property=\"og:type\" content=\"article\" \/>\n<meta property=\"og:title\" content=\"WAB Kurse\" \/>\n<meta property=\"og:description\" content=\"&nbsp; WAB Weiterbildung \u2013 Anmeldung \u00fcber die ASSR Wir bieten selbst keine eigenen WAB-Kurse an, arbeiten jedoch eng mit der ASSR Antischleuderschule zusammen. So kannst du sicher sein, dass deine Weiterbildungstage professionell und praxisnah durchgef\u00fchrt werden. So meldest du dich an: Besuche einfach die Webseite der ASSR, um deine WAB-Kurse bequem online zu buchen. Klicke [&hellip;]\" \/>\n<meta property=\"og:url\" content=\"https:\/\/www.swiss-driving-school.ch\/?page_id=1039\" \/>\n<meta property=\"og:site_name\" content=\"Swiss Driving School\" \/>\n<meta property=\"article:modified_time\" content=\"2025-12-30T20:29:27+00:00\" \/>\n<meta property=\"og:image\" content=\"http:\/\/www.swiss-driving-school.ch\/wp-content\/uploads\/2015\/11\/slide-01.jpg\" \/>\n<meta name=\"twitter:card\" content=\"summary_large_image\" \/>\n<meta name=\"twitter:label1\" content=\"Gesch\u00e4tzte Lesezeit\" \/>\n\t<meta name=\"twitter:data1\" content=\"3\u00a0Minuten\" \/>\n<script type=\"application\/ld+json\" class=\"yoast-schema-graph\">{\"@context\":\"https:\\\/\\\/schema.org\",\"@graph\":[{\"@type\":\"WebPage\",\"@id\":\"https:\\\/\\\/www.swiss-driving-school.ch\\\/?page_id=1039\",\"url\":\"https:\\\/\\\/www.swiss-driving-school.ch\\\/?page_id=1039\",\"name\":\"WAB Kurse - Swiss Driving School\",\"isPartOf\":{\"@id\":\"https:\\\/\\\/www.swiss-driving-school.ch\\\/#website\"},\"primaryImageOfPage\":{\"@id\":\"https:\\\/\\\/www.swiss-driving-school.ch\\\/?page_id=1039#primaryimage\"},\"image\":{\"@id\":\"https:\\\/\\\/www.swiss-driving-school.ch\\\/?page_id=1039#primaryimage\"},\"thumbnailUrl\":\"http:\\\/\\\/www.swiss-driving-school.ch\\\/wp-content\\\/uploads\\\/2015\\\/11\\\/slide-01.jpg\",\"datePublished\":\"2015-11-13T19:58:25+00:00\",\"dateModified\":\"2025-12-30T20:29:27+00:00\",\"breadcrumb\":{\"@id\":\"https:\\\/\\\/www.swiss-driving-school.ch\\\/?page_id=1039#breadcrumb\"},\"inLanguage\":\"de\",\"potentialAction\":[{\"@type\":\"ReadAction\",\"target\":[\"https:\\\/\\\/www.swiss-driving-school.ch\\\/?page_id=1039\"]}]},{\"@type\":\"ImageObject\",\"inLanguage\":\"de\",\"@id\":\"https:\\\/\\\/www.swiss-driving-school.ch\\\/?page_id=1039#primaryimage\",\"url\":\"http:\\\/\\\/www.swiss-driving-school.ch\\\/wp-content\\\/uploads\\\/2015\\\/11\\\/slide-01.jpg\",\"contentUrl\":\"http:\\\/\\\/www.swiss-driving-school.ch\\\/wp-content\\\/uploads\\\/2015\\\/11\\\/slide-01.jpg\"},{\"@type\":\"BreadcrumbList\",\"@id\":\"https:\\\/\\\/www.swiss-driving-school.ch\\\/?page_id=1039#breadcrumb\",\"itemListElement\":[{\"@type\":\"ListItem\",\"position\":1,\"name\":\"Startseite\",\"item\":\"https:\\\/\\\/www.swiss-driving-school.ch\\\/\"},{\"@type\":\"ListItem\",\"position\":2,\"name\":\"WAB Kurse\"}]},{\"@type\":\"WebSite\",\"@id\":\"https:\\\/\\\/www.swiss-driving-school.ch\\\/#website\",\"url\":\"https:\\\/\\\/www.swiss-driving-school.ch\\\/\",\"name\":\"Swiss Driving School\",\"description\":\"Fahrschule\",\"publisher\":{\"@id\":\"https:\\\/\\\/www.swiss-driving-school.ch\\\/#organization\"},\"potentialAction\":[{\"@type\":\"SearchAction\",\"target\":{\"@type\":\"EntryPoint\",\"urlTemplate\":\"https:\\\/\\\/www.swiss-driving-school.ch\\\/?s={search_term_string}\"},\"query-input\":{\"@type\":\"PropertyValueSpecification\",\"valueRequired\":true,\"valueName\":\"search_term_string\"}}],\"inLanguage\":\"de\"},{\"@type\":\"Organization\",\"@id\":\"https:\\\/\\\/www.swiss-driving-school.ch\\\/#organization\",\"name\":\"Swiss Driving School\",\"url\":\"https:\\\/\\\/www.swiss-driving-school.ch\\\/\",\"logo\":{\"@type\":\"ImageObject\",\"inLanguage\":\"de\",\"@id\":\"https:\\\/\\\/www.swiss-driving-school.ch\\\/#\\\/schema\\\/logo\\\/image\\\/\",\"url\":\"https:\\\/\\\/i0.wp.com\\\/www.swiss-driving-school.ch\\\/wp-content\\\/uploads\\\/2015\\\/06\\\/HomeLogo.jpg?fit=300%2C200&ssl=1\",\"contentUrl\":\"https:\\\/\\\/i0.wp.com\\\/www.swiss-driving-school.ch\\\/wp-content\\\/uploads\\\/2015\\\/06\\\/HomeLogo.jpg?fit=300%2C200&ssl=1\",\"width\":300,\"height\":200,\"caption\":\"Swiss Driving School\"},\"image\":{\"@id\":\"https:\\\/\\\/www.swiss-driving-school.ch\\\/#\\\/schema\\\/logo\\\/image\\\/\"},\"description\":\"Fahrschule in Z\u00fcrich und Umgebung mit Standorten in Oerlikon, B\u00fclach, Bassersdorf, Regensdorf und Wettingen. Ausbildung f\u00fcr Auto (Kat. B), Motorrad (A\\\/A1), Anh\u00e4nger (BE) und LKW (C\\\/CE), inklusive VKU und Pr\u00fcfungsvorbereitung. Flexible Fahrstunden, erfahrene Fahrlehrer und optimale Vorbereitung auf die Fahrpr\u00fcfung.\",\"email\":\"reto@swiss-driving-school.ch\",\"telephone\":\"0793778181\",\"legalName\":\"Swiss Driving School\"}]}<\/script>\n<!-- \/ Yoast SEO Premium plugin. -->","yoast_head_json":{"title":"WAB Kurse - Swiss Driving School","robots":{"index":"index","follow":"follow","max-snippet":"max-snippet:-1","max-image-preview":"max-image-preview:large","max-video-preview":"max-video-preview:-1"},"canonical":"https:\/\/www.swiss-driving-school.ch\/?page_id=1039","og_locale":"de_DE","og_type":"article","og_title":"WAB Kurse","og_description":"&nbsp; WAB Weiterbildung \u2013 Anmeldung \u00fcber die ASSR Wir bieten selbst keine eigenen WAB-Kurse an, arbeiten jedoch eng mit der ASSR Antischleuderschule zusammen. So kannst du sicher sein, dass deine Weiterbildungstage professionell und praxisnah durchgef\u00fchrt werden. So meldest du dich an: Besuche einfach die Webseite der ASSR, um deine WAB-Kurse bequem online zu buchen. Klicke [&hellip;]","og_url":"https:\/\/www.swiss-driving-school.ch\/?page_id=1039","og_site_name":"Swiss Driving School","article_modified_time":"2025-12-30T20:29:27+00:00","og_image":[{"url":"http:\/\/www.swiss-driving-school.ch\/wp-content\/uploads\/2015\/11\/slide-01.jpg","type":"","width":"","height":""}],"twitter_card":"summary_large_image","twitter_misc":{"Gesch\u00e4tzte Lesezeit":"3\u00a0Minuten"},"schema":{"@context":"https:\/\/schema.org","@graph":[{"@type":"WebPage","@id":"https:\/\/www.swiss-driving-school.ch\/?page_id=1039","url":"https:\/\/www.swiss-driving-school.ch\/?page_id=1039","name":"WAB Kurse - Swiss Driving School","isPartOf":{"@id":"https:\/\/www.swiss-driving-school.ch\/#website"},"primaryImageOfPage":{"@id":"https:\/\/www.swiss-driving-school.ch\/?page_id=1039#primaryimage"},"image":{"@id":"https:\/\/www.swiss-driving-school.ch\/?page_id=1039#primaryimage"},"thumbnailUrl":"http:\/\/www.swiss-driving-school.ch\/wp-content\/uploads\/2015\/11\/slide-01.jpg","datePublished":"2015-11-13T19:58:25+00:00","dateModified":"2025-12-30T20:29:27+00:00","breadcrumb":{"@id":"https:\/\/www.swiss-driving-school.ch\/?page_id=1039#breadcrumb"},"inLanguage":"de","potentialAction":[{"@type":"ReadAction","target":["https:\/\/www.swiss-driving-school.ch\/?page_id=1039"]}]},{"@type":"ImageObject","inLanguage":"de","@id":"https:\/\/www.swiss-driving-school.ch\/?page_id=1039#primaryimage","url":"http:\/\/www.swiss-driving-school.ch\/wp-content\/uploads\/2015\/11\/slide-01.jpg","contentUrl":"http:\/\/www.swiss-driving-school.ch\/wp-content\/uploads\/2015\/11\/slide-01.jpg"},{"@type":"BreadcrumbList","@id":"https:\/\/www.swiss-driving-school.ch\/?page_id=1039#breadcrumb","itemListElement":[{"@type":"ListItem","position":1,"name":"Startseite","item":"https:\/\/www.swiss-driving-school.ch\/"},{"@type":"ListItem","position":2,"name":"WAB Kurse"}]},{"@type":"WebSite","@id":"https:\/\/www.swiss-driving-school.ch\/#website","url":"https:\/\/www.swiss-driving-school.ch\/","name":"Swiss Driving School","description":"Fahrschule","publisher":{"@id":"https:\/\/www.swiss-driving-school.ch\/#organization"},"potentialAction":[{"@type":"SearchAction","target":{"@type":"EntryPoint","urlTemplate":"https:\/\/www.swiss-driving-school.ch\/?s={search_term_string}"},"query-input":{"@type":"PropertyValueSpecification","valueRequired":true,"valueName":"search_term_string"}}],"inLanguage":"de"},{"@type":"Organization","@id":"https:\/\/www.swiss-driving-school.ch\/#organization","name":"Swiss Driving School","url":"https:\/\/www.swiss-driving-school.ch\/","logo":{"@type":"ImageObject","inLanguage":"de","@id":"https:\/\/www.swiss-driving-school.ch\/#\/schema\/logo\/image\/","url":"https:\/\/i0.wp.com\/www.swiss-driving-school.ch\/wp-content\/uploads\/2015\/06\/HomeLogo.jpg?fit=300%2C200&ssl=1","contentUrl":"https:\/\/i0.wp.com\/www.swiss-driving-school.ch\/wp-content\/uploads\/2015\/06\/HomeLogo.jpg?fit=300%2C200&ssl=1","width":300,"height":200,"caption":"Swiss Driving School"},"image":{"@id":"https:\/\/www.swiss-driving-school.ch\/#\/schema\/logo\/image\/"},"description":"Fahrschule in Z\u00fcrich und Umgebung mit Standorten in Oerlikon, B\u00fclach, Bassersdorf, Regensdorf und Wettingen. Ausbildung f\u00fcr Auto (Kat. B), Motorrad (A\/A1), Anh\u00e4nger (BE) und LKW (C\/CE), inklusive VKU und Pr\u00fcfungsvorbereitung. Flexible Fahrstunden, erfahrene Fahrlehrer und optimale Vorbereitung auf die Fahrpr\u00fcfung.","email":"reto@swiss-driving-school.ch","telephone":"0793778181","legalName":"Swiss Driving School"}]}},"jetpack_sharing_enabled":true,"jetpack_shortlink":"https:\/\/wp.me\/P7nbKh-gL","_links":{"self":[{"href":"https:\/\/www.swiss-driving-school.ch\/index.php?rest_route=\/wp\/v2\/pages\/1039","targetHints":{"allow":["GET"]}}],"collection":[{"href":"https:\/\/www.swiss-driving-school.ch\/index.php?rest_route=\/wp\/v2\/pages"}],"about":[{"href":"https:\/\/www.swiss-driving-school.ch\/index.php?rest_route=\/wp\/v2\/types\/page"}],"author":[{"embeddable":true,"href":"https:\/\/www.swiss-driving-school.ch\/index.php?rest_route=\/wp\/v2\/users\/1"}],"replies":[{"embeddable":true,"href":"https:\/\/www.swiss-driving-school.ch\/index.php?rest_route=%2Fwp%2Fv2%2Fcomments&post=1039"}],"version-history":[{"count":17,"href":"https:\/\/www.swiss-driving-school.ch\/index.php?rest_route=\/wp\/v2\/pages\/1039\/revisions"}],"predecessor-version":[{"id":3968,"href":"https:\/\/www.swiss-driving-school.ch\/index.php?rest_route=\/wp\/v2\/pages\/1039\/revisions\/3968"}],"wp:attachment":[{"href":"https:\/\/www.swiss-driving-school.ch\/index.php?rest_route=%2Fwp%2Fv2%2Fmedia&parent=1039"}],"curies":[{"name":"wp","href":"https:\/\/api.w.org\/{rel}","templated":true}]}}